
Convert -12101002 (base 5) to base 2.
-11011011111110011
-1072d (base 15) to base 12
-26297
What is 70648a (base 15) in base 9?
11033764
What is 38541 (base 14) in base 10?
138237
668a8 (base 11) to base 15
1dab3
1111111101110010111110 (base 2) to base 7
50400656
Convert 12607b (base 14) to base 16.
9a1bd
Convert -431410541 (base 6) to base 14.
-102b501
What is -34600125 (base 7) in base 2?
-1011100110101101010111
What is 11111110001110101110 (base 2) in base 8?
3761656
What is 15216573 (base 9) in base 13?
17505cc
-63330 (base 14) to base 12
-b6626
-44364 (base 14) to base 15
-33eb1
Convert 65240200 (base 7) to base 14.
a50ca7
Convert 113030 (base 9) to base 11.
46a59
Convert 3323514 (base 6) to base 5.
20313401
Convert -258c0 (base 13) to base 8.
-207757
5250323 (base 8) to base 7
14605506
Convert -101001110010011010 (base 2) to base 6.
-3400230
236b50 (base 15) to base 10
1693425
-1ba0317 (base 14) to base 5
-12020032434
What is -266252 (base 9) in base 11?
-100826
What is 39711 (base 10) in base 9?
60423
What is 2986342 (base 11) in base 15?
6b171e
Convert -102fab (base 16) to base 3.
-1222220010010
Convert 596a4 (base 14) to base 3.
102002011122
4366802 (base 9) to base 11
1363620
-1baad6 (base 14) to base 5
-223134423
Convert -332220 (base 6) to base 12.
-14070
Convert -b56bb8 (base 12) to base 5.
-1212243144
a5469 (base 11) to base 13
54c03
-21110022 (base 4) to base 8
-112412
Convert 880797 (base 10) to base 8.
3270235
Convert -11100111010011001111 (base 2) to base 13.
-2722c6
110223303 (base 4) to base 2
10100101011110011
What is 1621487 (base 14) in base 13?
2325803
Convert 22986 (base 10) to base 4.
11213022
Convert -799a28 (base 11) to base 13.
-357189
Convert 511c6 (base 14) to base 6.
4103402
What is -34217124 (base 8) in base 14?
-dad91a
What is 16c3a17 (base 13) in base 3?
111221020120111
-1240297 (base 12) to base 14
-68bcd5
e6a60 (base 15) to base 12
2b3290
Convert 254140122 (base 6) to base 4.
102322211102
-3a2196 (base 11) to base 6
-21320003
Convert 315541542 (base 6) to base 13.
120c48b
Convert 112200221021 (base 3) to base 15.
5ab11
Convert 72a235 (base 14) to base 2.
1110110000101100100111
-10101111011101 (base 2) to base 5
-324404
-34401442 (base 7) to base 8
-13364776
Convert 22438726 (base 9) to base 8.
51427562
15354863 (base 9) to base 15
a12b9c
What is -4514 (base 10) in base 4?
-1012202
-112110010001111 (base 3) to base 13
-178b064
Convert -569360 (base 14) to base 12.
-ba0334
What is 4186a6 (base 15) in base 7?
35330250
What is -12011200022 (base 3) in base 8?
-306701
18205456 (base 9) to base 15
c0d110
What is f0882 (base 16) in base 5?
223011333
Convert 113302231302 (base 4) to base 12.
2109496
772220 (base 8) to base 4
333102100
Convert -123033604 (base 7) to base 3.
-112121221001101
What is 7299 (base 10) in base 13?
3426
Convert 136a5 (base 14) to base 7.
256565
Convert -17804 (base 11) to base 5.
-1244210
-101111 (base 7) to base 11
-11a23
Convert -400343 (base 7) to base 12.
-33012
-101164 (base 8) to base 7
-166236
What is 24b12 (base 12) in base 10?
49982
What is 21ff0 (base 16) in base 4?
201333300
-1420121 (base 8) to base 16
-62051
What is 45042554 (base 6) in base 9?
2500887
-23814 (base 9) to base 15
-4aea
What is 118959 (base 11) in base 10?
187493
Convert -121366443 (base 7) to base 12.
-2664260
Convert -32c8a4 (base 16) to base 15.
-45b1c9
1137512 (base 9) to base 3
1011021120102
What is 100011101110100 (base 2) in base 11?
1281a
222313113 (base 4) to base 12
85733
Convert -61747 (base 13) to base 12.
-851b1
What is 23243013 (base 6) in base 8?
2600521
-551300332 (base 6) to base 8
-45511140
34b1ea (base 15) to base 6
125550151
What is 4413120 (base 6) in base 8?
655110
-1602131 (base 8) to base 15
-913ca
34c196 (base 13) to base 3
2100202020022
-1d908a7 (base 14) to base 2
-111000101110000011100011
Convert 185847 (base 11) to base 13.
a0159
What is -24353603 (base 7) in base 15?
-2d153e
Convert 20224142 (base 5) to base 4.
220013021
Convert -1cbaa (base 16) to base 6.
-2304442
-79d33 (base 16) to base 12
-20092b
What is 417745 (base 12) in base 7?
11514434
What is -114222102 (base 5) in base 6?
-15315255
-21547450 (base 8) to base 16
-46cf28
Convert 35110 (base 13) to base 3.
11220212001
Convert 63251 (base 10) to base 2.
1111011100010011
235898 (base 10) to base 6
5020042
Convert 1413325 (base 6) to base 13.
2a449
What is -1188831 (base 13) in base 6?
-312414530
Convert 1011100000011001101 (base 2) to base 9.
634170
Convert -111011111100010111 (base 2) to base 8.
-737427
1233476 (base 11) to base 15
2c4a9b
-19346 (base 13) to base 6
-1014215
What is 8581aa (base 11) in base 9?
2521642
What is 33141411 (base 6) in base 13?
28a047
-1416362 (base 7) to base 5
-22031102
6313012 (base 7) to base 10
759754
2545b08 (base 13) to base 6
1053231455
What is 320257 (base 9) in base 12?
92297
What is 13256271 (base 8) in base 13?
8011b4
Convert -124304300 (base 5) to base 15.
-c3785
Convert 1817646 (base 9) to base 8.
3700331
What is 3354b1 (base 12) in base 15?
1125bd
-a51963 (base 12) to base 16
-27991b
Convert 130264 (base 8) to base 7.
245612
b685 (base 15) to base 12
1a408
What is -2020230 (base 5) in base 8?
-77465
Convert 227137 (base 11) to base 4.
1120012132
Convert -b52b2c (base 13) to base 14.
-7c2a7d
Convert -74007 (base 8) to base 5.
-1440402
Convert -19d2ad (base 14) to base 12.
-384349
Convert 139318 (base 12) to base 3.
121121121202
Convert 1057064 (base 11) to base 8.
7045311
Convert 26634 (base 13) to base 11.
49684
What is -30135411 (base 8) in base 14?
-bb037b
Convert 406883 (base 12) to base 6.
33325443
Convert -9f1e (base 16) to base 8.
-117436
Convert 2b60b6 (base 13) to base 5.
233220323
What is -1674673 (base 8) in base 6?
-14300043
Convert 3254674 (base 8) to base 14.
18abda
What is 724506 (base 8) in base 15?
4b162
What is -8c5878 (base 15) in base 5?
-3203420123
What is -29355 (base 12) in base 10?
-57521
Convert 25150 (base 14) to base 2.
10110001011000010
-1555633 (base 7) to base 14
-5888a
-161288 (base 10) to base 11
-1001a6
What is -15a88 (base 12) in base 3?
-1120102012
Convert -93a333 (base 11) to base 12.
-6081ab
Convert -11100111101101001 (base 2) to base 9.
-200654
Convert -2342a54 (base 11) to base 7.
-46516420
-268b4 (base 14) to base 2
-10111001100101110
Convert 334041114 (base 5) to base 16.
1673b1
17256722 (base 8) to base 13
aaa718
Convert 2707265 (base 8) to base 14.
15a061
Convert 64c346 (base 16) to base 8.
31141506
Convert 91387 (base 12) to base 9.
317084
Convert -1503665 (base 7) to base 3.
-101022112112
Convert 12002110021102 (base 3) to base 12.
aa583b
b3239a (base 12) to base 10
2803366
1033244223 (base 5) to base 9
4188676
1765546 (base 9) to base 14
1ba20a
Convert -1220111120011 (base 3) to base 5.
-224414334
Convert -1101556 (base 7) to base 10.
-135085
What is 41365105 (base 7) in base 8?
15211621
What is -7642407 (base 8) in base 11?
-117a729
What is 2413033 (base 9) in base 14?
2608a4
What is -1210310 (base 5) in base 11?
-15a68
Convert 64a5628 (base 11) to base 10.
11427391
Convert -172533 (base 11) to base 4.
-1001021121
11001011001011010101 (base 2) to base 13
231a45
-1340173 (base 8) to base 7
-3126665
What is -33465065 (base 7) in base 8?
-13055534
What is 42278 (base 9) in base 7?
144305
Convert -6773715 (base 8) to base 5.
-432123114
What is 1001100111101 (base 2) in base 11?
3778
-12332041 (base 5) to base 12
-59b68
Convert 17552d (base 16) to base 14.
2bb39b
What is 543854 (base 9) in base 6?
10541421
-120199 (base 11) to base 16
-2e862
-410551 (base 6) to base 3
-1122201211
4116c (base 13) to base 5
12213300
-a9b621 (base 12) to base 16
-291eb9
1027604 (base 8) to base 12
1128b0
What is -b5920 (base 12) in base 2?
-111010000111101000
What is 231142 (base 5) in base 6?
102225
70073b (base 13) to base 12
a54964
7a009 (base 15) to base 11
24567a
Convert 12b3ed (base 16) to base 3.
2022021100122
-401a1 (base 13) to base 5
-12131134
21143 (base 9) to base 7
55506
-11221445 (base 6) to base 14
-8dabb
What is -2312031 (base 4) in base 7?
-45666
Convert -59994 (base 13) to base 10.
-164220
Convert 210000220010 (base 3) to base 10.
413994
What is 2a4253 (base 12) in base 14?
147819
Convert -52306213 (base 7) to base 2.
-100001100111001011000